 remainder when 407 is divided by 174.
59
Calculate the remainder when 229073 is divided by 37.
6
What is the remainder when 2205 is divided by 730?
15
Calculate the remainder when 221822 is divided by 502.
440
Calculate the remainder when 192399 is divided by 27.
24
What is the remainder when 2863710 is divided by 19?
11
Calculate the remainder when 3468 is divided by 10.
8
Calculate the remainder when 522190 is divided by 132.
130
What is the remainder when 3814 is divided by 945?
34
Calculate the remainder when 100227 is divided by 33405.
12
What is the remainder when 4694 is divided by 1497?
203
Calculate the remainder when 2859 is divided by 31.
7
Calculate the remainder when 32058 is divided by 12.
6
What is the remainder when 17232 is divided by 718?
0
What is the remainder when 3320 is divided by 772?
232
Calculate the remainder when 119701 is divided by 1151.
1148
What is the remainder when 1086 is divided by 948?
138
What is the remainder when 360383 is divided by 93?
8
What is the remainder when 1250806 is divided by 391?
388
What is the remainder when 15178 is divided by 92?
90
Calculate the remainder when 29642 is divided by 4206.
200
Calculate the remainder when 2566776 is divided by 20.
16
What is the remainder when 14490 is divided by 1116?
1098
Calculate the remainder when 5791400 is divided by 959.
958
What is the remainder when 9827 is divided by 137?
100
What is the remainder when 12788 is divided by 492?
488
What is the remainder when 6393 is divided by 27?
21
What is the remainder when 650165 is divided by 162541?
1
What is the remainder when 11439 is divided by 20?
19
Calculate the remainder when 29809 is divided by 307.
30
Calculate the remainder when 20706 is divided by 1149.
24
Calculate the remainder when 26540 is divided by 1474.
8
Calculate the remainder when 1659 is divided by 118.
7
Calculate the remainder when 1827 is divided by 359.
32
What is the remainder when 165360 is divided by 106?
0
Calculate the remainder when 1012 is divided by 365.
282
What is the remainder when 494 is divided by 110?
54
What is the remainder when 1997109 is divided by 692?
689
Calculate the remainder when 164180 is divided by 20521.
12
What is the remainder when 8173 is divided by 583?
11
Calculate the remainder when 255651 is divided by 21.
18
Calculate the remainder when 16941 is divided by 3378.
51
What is the remainder when 118298 is divided by 174?
152
Calculate the remainder when 136654 is divided by 468.
466
Calculate the remainder when 709723 is divided by 69.
58
Calculate the remainder when 5133 is divided by 512.
13
Calculate the remainder when 2661534 is divided by 389.
385
Calculate the remainder when 195743 is divided by 97.
94
What is the remainder when 40081 is divided by 31?
29
Calculate the remainder when 173240 is divided by 250.
240
What is the remainder when 900 is divided by 332?
236
What is the remainder when 126108 is divided by 1501?
24
What is the remainder when 99003 is divided by 37?
28
What is the remainder when 588686 is divided by 558?
554
What is the remainder when 312302 is divided by 327?
17
What is the remainder when 149367 is divided by 454?
1
What is the remainder when 80752 is divided by 26915?
7
Calculate the remainder when 142622 is divided by 159.
158
Calculate the remainder when 346526 is divided by 173258.
10
Calculate the remainder when 3616 is divided by 60.
16
Calculate the remainder when 43979 is divided by 10.
9
Calculate the remainder when 40069 is divided by 10014.
13
Calculate the remainder when 39641 is divided by 4930.
201
Calculate the remainder when 268484 is divided by 792.
788
What is the remainder when 3190 is divided by 27?
4
Calculate the remainder when 262448 is divided by 65608.
16
What is the remainder when 14330 is divided by 1293?
107
What is the remainder when 214331 is divided by 470?
11
Calculate the remainder when 4096 is divided by 1203.
487
What is the remainder when 2687 is divided by 28?
27
Calculate the remainder when 1176 is divided by 309.
249
What is the remainder when 563717 is divided by 43361?
24
What is the remainder when 7884 is divided by 3940?
4
What is the remainder when 1562138 is divided by 29?
24
Calculate the remainder when 13280 is divided by 588.
344
Calculate the remainder when 59612 is divided by 72.
68
Calculate the remainder when 3149 is divided by 1013.
110
Calculate the remainder when 70634 is divided by 163.
55
What is the remainder when 71097 is divided by 808?
801
What is the remainder when 55468 is divided by 123?
118
Calculate the remainder when 9748 is divided by 1383.
67
What is the remainder when 1234595 is divided by 9?
2
What is the remainder when 49112 is divided by 24521?
70
Calculate the remainder when 2787047 is divided by 782.
781
Calculate the remainder when 273578 is divided by 186.
158
What is the remainder when 23836 is divided by 8?
4
What is the remainder when 461811 is divided by 32?
19
What is the remainder when 5624 is divided by 1388?
72
What is the remainder when 5914 is divided by 908?
466
Calculate the remainder when 254 is divided by 223.
31
Calculate the remainder when 6182 is divided by 637.
449
Calculate the remainder when 6055949 is divided by 282.
281
Calculate the remainder when 64781 is divided by 842.
789
What is the remainder when 45766 is divided by 864?
838
What is the remainder when 2767 is divided by 131?
16
What is the remainder when 83523 is divided by 702?
687
Calculate the remainder when 58802 is divided by 243.
239
What is the remainder when 41591 is divided by 65?
56
What is the remainder when 23076 is divided by 238?
228
Calculate the remainder when 16326 is divided by 8088.
150
Calculate the remainder when 3472818 is divided by 361.
359
What is the remainder when 5078 is divided by 41?
35
What is the remainder when 2105 is divided by 358?
315
Calculate the remainder when 1958 is divided by 363.
143
What is the remainder when 184523 is divided by 203?
199
Calculate the remainder when 61139 is divided by 30563.
13
What is the remainder when 3107 is divided by 1021?
44
Calculate the remainder when 123025 is divided by 651.
637
Calculate the remainder when 279123 is divided by 125.
123
What is the remainder when 20973 is divided by 5243?
1
Calculate the remainder when 141668 is divided by 47222.
2
Calculate the remainder when 2944 is divided by 408.
88
Calculate the remainder when 47864 is divided by 1367.
19
Calculate the remainder when 68271 is divided by 30.
21
Calculate the remainder when 308 is divided by 1.
0
Calculate the remainder when 49089 is divided by 15.
9
What is the remainder when 386 is divided by 55?
1
What is the remainder when 1238310 is divided by 602?
598
What is the remainder when 3079 is divided by 23?
20
What is the remainder when 152684 is divided by 117?
116
What is the remainder when 13279 is divided by 1105?
19
Calculate the remainder when 186147 is divided by 69.
54
What is the remainder when 22299 is divided by 718?
41
What is the remainder when 37360 is divided by 548?
96
Calculate the remainder when 40644 is divided by 31.
3
What is the remainder when 5421 is divided by 81?
75
Calculate the remainder when 1535 is divided by 743.
49
Calculate the remainder when 360600 is divided by 19.
18
What is the remainder when 247875 is divided by 5?
0
What is the remainder when 137514 is divided by 77?
69
What is the remainder when 9710 is divided by 50?
10
What is the remainder when 7986 is divided by 44?
22
What is the remainder when 627234 is divided by 673?
671
Calculate the remainder when 5526 is divided by 173.
163
Calculate the remainder when 686 is divided by 214.
44
Calculate the remainder when 211190 is divided by 92.
50
Calculate the remainder when 13982 is divided by 520.
462
Calculate the remainder when 171824 is divided by 444.
440
What is the remainder when 16353 is divided by 124?
109
What is the remainder when 113496 is divided by 582?
6
Calculate the remainder when 340251 is divided by 209.
208
Calculate the remainder when 24910 is divided by 25.
10
Calculate the remainder when 27881 is divided by 2057.
1140
What is the remainder when 42107 is divided by 29?
28
Calculate the remainder when 535014 is divided by 54.
36
Calculate the remainder when 2426 i